 + 103. Calculate the highest common factor of p and o.
13
Let b(f) = f + 5. Let k = -10 - -4. Let n be b(k). Let r be (-138)/12*6*n. What is the highest common factor of 23 and r?
23
Let f(d) = d**3 + 6*d**2 + d - 4. Let b be f(-5). Let q be 16*(-2 + 42/12). Calculate the highest common factor of q and b.
8
Let v(k) = k + 3. Let j be v(0). Let i be 115/(-3) - (-1)/j. Let y = i + 103. What is the highest common factor of y and 13?
13
Let x(y) = -y**2 - 11*y - 12. Let l be x(-9). Calculate the highest common factor of 54 and l.
6
Let q = 18 + -13. Suppose q = 3*u - 4*u - 2*b, -u + b + 4 = 0. Suppose -6*m + 21 = -3*m. What is the highest common factor of u and m?
1
Let c = 129 + -74. What is the highest common divisor of c and 11?
11
Let c = -145 - -190. Let d be 1/2 + 9/2. Calculate the highest common divisor of c and d.
5
Suppose -7*y + 10*y - 399 = 0. Calculate the greatest common factor of 19 and y.
19
Suppose 4*q + 7 + 9 = 0. Let d be (3 + (-2)/q)*2. Calculate the highest common factor of 56 and d.
7
Suppose 0 = -5*h - 0*h + 80. Suppose u + 0*u - h = 0. Calculate the highest common divisor of 4 and u.
4
Let l(z) = z**2 - 21*z + 41. Let f be l(19). What is the greatest common factor of f and 27?
3
Suppose 123 = 4*z + 15. Calculate the greatest common factor of z and 216.
27
Let t(v) = 25*v - 6. Let l be t(6). Suppose -6 = -3*x, -2*r + 4*x - 4 = -32. Calculate the greatest common factor of l and r.
18
Let m = 15 + -5. Calculate the highest common divisor of m and 2.
2
Let g(w) = 1562*w + 6. Let z be g(-6). Let s be z/(-12) + 2/(-4). Let x be s/108 - (-4)/(-18). What is the greatest common factor of x and 28?
7
Let c(m) be the third derivative of 0*m + 1/8*m**4 + 0 + 1/30*m**5 - 1/3*m**3 + m**2. Let s be c(-3). What is the highest common factor of s and 1?
1
Let f be (8/3)/((-1)/3). Let a = 16 + f. Calculate the greatest common divisor of 24 and a.
8
Let q = -14 - 52. Let y = 4 - q. What is the greatest common divisor of y and 10?
10
Suppose 4*m = 4 - 8. Let g(z) = -z - 15. Let r be g(0). Let t = m - r. What is the highest common factor of t and 21?
7
Let k(r) = -5 - 6*r**2 + 5*r + r**3 - 5 + 6. Let l be k(5). Let j be 33 + 6/l*2. Calculate the greatest common divisor of j and 12.
6
Let s be 8/(-36) - (-452)/9. Let j = 29 + s. Suppose -p + 6 = 5*t - 53, p - j = -t. What is the highest common factor of 12 and p?
12
Let v(w) be the first derivative of w**3/3 - 2*w**2 + 4*w - 2. Let o be v(3). Calculate the highest common divisor of 1 and o.
1
Let v(b) = b**2 + 75. Let h be v(0). Calculate the greatest common divisor of h and 15.
15
Let n(z) = -5*z - 2. Suppose 0 = -2*l + 2 - 6. Let d be n(l). Suppose 4*s = 4, -a + 6*s + d = 2*s. What is the greatest common factor of a and 96?
12
Suppose 8*w - 5*w - 408 = 0. Suppose -4*c = 2*i - w, c = -4*i - c + 284. Calculate the greatest common factor of 24 and i.
24
Let t(l) = l**2 + l + 1. Let k be t(-2). Let z = 8 - k. What is the greatest common divisor of 5 and z?
5
Let t be 0/(-2 - 1 - -1). Suppose 3*w + w - 28 = t. Suppose -3*k = -122 + 17. Calculate the highest common divisor of w and k.
7
Suppose 4*p - 2*p - 4 = 0. Let d = 2 + p. Suppose -2*n + 0*n + 8 = 0. What is the greatest common factor of n and d?
4
Suppose -c - 5*s + 3*s = 1, 19 = 2*c - 3*s. Let r(p) = p - 4. Let q be r(c). Let z be 0 + (q - (2 - 2)). Calculate the highest common divisor of z and 7.
1
Let k = 48 - 32. Suppose -5*y - 5 = -0*y - 5*a, 2*y + 4*a = k. Calculate the greatest common factor of y and 6.
2
Let b be (-2)/4*(-10)/(-5). Let g = 6 - b. Suppose -g*k + 44 = -3*k. Calculate the highest common divisor of k and 11.
11
Let l(r) = 12*r**2 - 1. Let j be l(-1). Let m = j + -2. Let f(h) = h**3 - h**2 + 81. Let d be f(0). Calculate the greatest common divisor of d and m.
9
Suppose 4*n = -5*f + 754, 0*n - 601 = -4*f - n. Let r(i) = i**2 + i - 2. Let q be r(3). Let b = q + 5. What is the highest common factor of f and b?
15
Let o = -31 - -47. What is the greatest common factor of 16 and o?
16
Suppose -8 - 4 = -2*k. Let q = -3 + k. Calculate the greatest common factor of q and 2.
1
Let x be ((-14)/(-6))/7 - (-35)/3. Suppose 80 + 16 = 2*v. What is the highest common divisor of v and x?
12
Let q(s) = -s**2 - s + 145. Let g be q(0). Calculate the greatest common factor of g and 29.
29
Suppose 5*l - 110 = -45. Calculate the highest common factor of 91 and l.
13
Let r(t) = 3*t + 2. Let h be r(2). Suppose -p - 3*p = -h. Suppose 2*f - 27 - 24 = -5*w, p*f - 4*w - 6 = 0. Calculate the greatest common divisor of f and 91.
13
Let a be 3 + 0 + 6 + -3. Let c be (-60)/16*(-16)/a. What is the greatest common factor of 20 and c?
10
Let z be (-1)/((-5)/(-330)*4/(-6)). Calculate the greatest common divisor of 66 and z.
33
Suppose -f - f = -6. Suppose f*j - 4*j + 12 = 0. Calculate the greatest common divisor of 3 and j.
3
Suppose 3*n - 12 = -2*p, -p = -2*n - 4*p + 13. Let t(l) = 4 - l**2 + n*l**2 + l - 6*l. Let f be t(5). What is the highest common divisor of f and 32?
4
Suppose -3*k + 54 = -0*k. Calculate the greatest common divisor of k and 6.
6
Let y be (-2 - -21) + 0/(-1). Let c = -4 - -8. Suppose 475 = l + c*l. What is the greatest common divisor of y and l?
19
Let s(i) = i**3. Let y be s(0). Let a(r) = -3 + y + 4*r - 4*r - r. Let k be a(-7). What is the greatest common divisor of 12 and k?
4
Let w = 57 + -36. Calculate the highest common divisor of w and 7.
7
Let p(u) = -u**2 + 18*u - 18. Let z be p(16). Let a be (-84)/(-2) - (0 - 0). Calculate the highest common divisor of a and z.
14
Let v be (-9)/(-12) + 335/(-4). Let h be 3/(-6) + v/(-2). Suppose 3*u = 4*a + 1 + h, -63 = -3*u - 3*a. What is the highest common factor of 12 and u?
6
Let f = -98 - -187. Let a be f/7 - (-8)/28. What is the greatest common divisor of 65 and a?
13
Let n be (-1 - -1)/(4 + -3). Suppose n = i - 6*i - 2*t + 76, 4*t + 30 = 3*i. Calculate the greatest common divisor of 14 and i.
14
Suppose 3*j + 8 = -4*x, 3*x + 0*j + 5 = -2*j. Let g be (2 - (83 + 1)) + x. Let i = -41 - g. Calculate the greatest common factor of i and 10.
10
Let z(g) = g**3 + 5*g**2 - 6*g - 2. Let m be z(-6). Let d be (-72)/30*15/m. What is the greatest common divisor of 9 and d?
9
Let r(q) = 2*q**2 - 16*q - 26. Let a be r(10). What is the highest common divisor of 98 and a?
14
Let d(m) = -m**3 - 11*m**2 - 10*m + 17. Let g be d(-10). Calculate the greatest common divisor of 153 and g.
17
Let c be 4/(114/28 - 4). Calculate the greatest common divisor of c and 7.
7
Let c = -20 + 33. Calculate the greatest common factor of c and 104.
13
Let t = 7 + 5. What is the highest common divisor of 30 and t?
6
Suppose a - v - 1714 = 154, -3*a - 5*v = -5620. Suppose 352 - a = -6*c. What is the greatest common factor of c and 23?
23
Suppose -4 = -v + 22. Calculate the greatest common divisor of 26 and v.
26
Suppose 6 = 3*x - 2*q, -2 = 5*x + q - 12. Suppose x*y + 0*y - 48 = 0. What is the greatest common factor of y and 192?
24
Let u(l) = 4*l - 2. Let v be u(-3). Let g = v + 24. What is the highest common factor of g and 90?
10
Let b be (1/3)/((-1)/(-9)). Suppose -b*g = -438 + 60. Calculate the highest common divisor of g and 14.
14
Let t be (-4 - -1) + 6*1. Suppose 2*f + 1 - t = 0. What is the greatest common divisor of 11 and f?
1
Let j = 34 + -22. What is the highest common divisor of j and 4?
4
Let v = 96 - 80. Let u(y) = y**3 + 7*y**2 + 5*y + 2. Let r be u(-6). What is the greatest common divisor of r and v?
8
Suppose -2*r = -0*r + n - 71, 0 = 2*r - 2*n - 74. Suppose c - 4*y = r, -2*c - y = 2*y - 17. Calculate the greatest common divisor of 4 and c.
4
Let u = 3 - -45. Let q be 2*9/12*4. Suppose -52 = -4*o - q*t + 2*t, o = 5*t + 7. What is the greatest common divisor of o and u?
12
Let p = -49 - -32. Let n = p + -3. Let s = -11 - n. Calculate the highest common divisor of 9 and s.
9
Let z = -305 - -492. Calculate the highest common factor of 17 and z.
17
Suppose 3*u = 6, -5*u + 129 = 2*v - v. What is the highest common factor of v and 17?
17
Let u = 187 + -112. Calculate the greatest common divisor of u and 15.
15
Suppose 2*k = -10 + 154. Calculate the highest common factor of 8 and k.
8
Let i be (-4)/(-14) - (-47)/7. Suppose 0 = -p + 4 + 52. What is the greatest common divisor of i and p?
7
Suppose h - 5*v + 12 = 0,